f 5251643309?
5
What is the tens digit of 156388844?
4
What is the units digit of 1145688894?
4
What is the units digit of 270042508?
8
What is the ten millions digit of 314729861?
1
What is the units digit of 422045581?
1
What is the hundred thousands digit of 93376544?
3
What is the hundred thousands digit of 80181917?
1
What is the ten thousands digit of 9116685?
1
What is the hundreds digit of 7570603?
6
What is the millions digit of 48197719?
8
What is the tens digit of 667465579?
7
What is the units digit of 395768508?
8
What is the millions digit of 82032389?
2
What is the thousands digit of 532331718?
1
What is the thousands digit of 150516837?
6
What is the units digit of 5637907153?
3
What is the hundred millions digit of 1712398406?
7
What is the thousands digit of 27234425?
4
What is the billions digit of 5191279185?
5
What is the hundreds digit of 228224219?
2
What is the millions digit of 347428850?
7
What is the ten thousands digit of 691935951?
3
What is the hundred millions digit of 1353975581?
3
What is the millions digit of 176055079?
6
What is the tens digit of 15527538?
3
What is the ten thousands digit of 845305718?
0
What is the hundred thousands digit of 855324666?
3
What is the hundreds digit of 57752922?
9
What is the ten thousands digit of 187802377?
0
What is the thousands digit of 1733309?
3
What is the hundred thousands digit of 1600941181?
9
What is the ten millions digit of 455664686?
5
What is the hundred thousands digit of 35021535?
0
What is the thousands digit of 21097333?
7
What is the hundred millions digit of 721168006?
7
What is the millions digit of 137609050?
7
What is the tens digit of 170594871?
7
What is the hundred millions digit of 1308311808?
3
What is the ten millions digit of 10606213?
1
What is the tens digit of 159554903?
0
What is the ten millions digit of 395358937?
9
What is the ten thousands digit of 323331229?
3
What is the ten thousands digit of 63064472?
6
What is the hundreds digit of 2558339332?
3
What is the tens digit of 84473340?
4
What is the ten thousands digit of 2075470605?
7
What is the hundred millions digit of 752587535?
7
What is the hundreds digit of 289882508?
5
What is the hundred thousands digit of 303995975?
9
What is the millions digit of 100765198?
0
What is the millions digit of 93245324?
3
What is the hundred millions digit of 2188910653?
1
What is the units digit of 89900678?
8
What is the hundreds digit of 1798968210?
2
What is the units digit of 4954219207?
7
What is the ten millions digit of 2326805468?
2
What is the hundreds digit of 526198300?
3
What is the millions digit of 3074589033?
4
What is the ten thousands digit of 885573569?
7
What is the ten millions digit of 41676405?
4
What is the millions digit of 693819931?
3
What is the thousands digit of 1565346259?
6
What is the hundreds digit of 134076083?
0
What is the millions digit of 36554238?
6
What is the thousands digit of 177381242?
1
What is the millions digit of 1145592150?
5
What is the units digit of 73309764?
4
What is the thousands digit of 25180220?
0
What is the units digit of 825370842?
2
What is the ten thousands digit of 2989466866?
6
What is the thousands digit of 306457927?
7
What is the thousands digit of 1215957874?
7
What is the ten millions digit of 14638684?
1
What is the thousands digit of 47052923?
2
What is the ten thousands digit of 1139724653?
2
What is the units digit of 159145446?
6
What is the ten millions digit of 69733422?
6
What is the hundred millions digit of 396734810?
3
What is the hundred millions digit of 1662669653?
6
What is the thousands digit of 422998594?
8
What is the hundreds digit of 154927638?
6
What is the ten thousands digit of 613568336?
6
What is the ten millions digit of 211446300?
1
What is the ten millions digit of 66704750?
6
What is the tens digit of 133554894?
9
What is the thousands digit of 122112146?
2
What is the millions digit of 2506123059?
6
What is the ten thousands digit of 10382585?
8
What is the ten millions digit of 12199881?
1
What is the hundreds digit of 10138169?
1
What is the billions digit of 1725025754?
1
What is the ten millions digit of 191070951?
9
What is the units digit of 59979199?
9
What is the hundreds digit of 11091610?
6
What is the ten millions digit of 211312574?
1
What is the tens digit of 152336512?
1
What is the millions digit of 609116987?
9
What is the hundred millions digit of 2454132523?
4
What is the ten thousands digit of 1761094?
6
What is the units digit of 724555583?
3
What is the tens digit of 1801967072?
7
What is the ten thousands digit of 289435530?
3
What is the ten millions digit of 1282446321?
8
What is the thousands digit of 751838931?
8
What is the hundred millions digit of 873376207?
8
What is the ten thousands digit of 72426457?
2
What is the ten millions digit of 89970503?
8
What is the units digit of 28305786?
6
What is the tens digit of 7358792617?
1
What is the hundred millions digit of 381210645?
3
What is the millions digit of 16594553?
6
What is the ten thousands digit of 112866559?
6
What is the millions digit of 529356377?
9
What is the millions digit of 5352359082?
2
What is the ten thousands digit of 1909046993?
4
What is the hundreds digit of 109389339?
3
What is the tens digit of 32012976?
7
What is the ten thousands digit of 507277703?
7
What is the units digit of 183365660?
0
What is the thousands digit of 2753826158?
6
What is the ten millions digit of 194671378?
9
What is the hundred thousands digit of 1376055492?
0
What is the thousands digit of 396026467?
6
What is the hundred thousands digit of 1028465349?
4
What is the billions digit of 1684215218?
1
What is the hundred thousands digit of 80903571?
9
What is the units digit of 4082489461?
1
What is the hundreds digit of 42670456?
4
What is the millions digit of 119669213?
9
What is the units digit of 505978774?
4
What is the units digit of 151184494?
4
What is the hundreds digit of 202292744?
7
What is the hundred thousands digit of 12294704?
2
What is the hundred thousands digit of 47641937?
6
What is the ten millions digit of 1194726170?
9
What is the tens digit of 292559058?
5
What is the hundred millions digit of 203558372?
2
What is the tens digit of 46950964?
6
What is the hundreds digit of 493778081?
0
What is the hundred thousands digit of 2456191269?
1
What is the tens digit of 348771341?
4
What is the hundred thousands digit of 33947220?
9
What is the millions digit of 816597078?
6
What is the ten thousands digit of 40791805?
9
What is the ten millions digit of 265087440?
6
What is the ten thousands digit of 57399390?
9
What is the millions digit of 4560011317?
0
What is the units digit of 34660397?
7
What is the tens digit of 87382069?
6
What is the units digit of 146611788?
8
What is the hundreds digit of 725386304?
3
What is the ten thousands digit of 137791115?
9
What is the billions digit of 1988116045?
1
What is the ten millions digit of 2012187654?
1
What is the ten millions digit of 168658724?
6
What is the ten millions digit of 223614091?
2
What is the ten millions digit of 939342815?
3
What is the ten millions digit of 904994463?
0
What is the tens digit of 33257224?
2
What is the ten millions digit of 162227529?
6
What is the hundred thousands digit of 102328896?
3
What is the hundreds digit of 176100129?
1
What is the thousands digit of 51439063?
9
What is the thousands digit of 1612610114?
0
What is the hundreds digit of 1786476203?
2
What is the hundreds digit of 19547798?
7
What is the ten millions digit of 120237277?
2
What is the hundreds digit of 1742648699?
6
What is the hundreds digit of 68703352?
3
What is the millions digit of 52082501?
2
What is the hundred millions digit of 1624355315?
6
What is the units digit of 1211903594?
4
What is the ten millions digit of 174637435?
7
What is the ten thousands digit of 15034280?
3
What is the millions digit of 2257353676?
7
What is the hundred thousands digit of 1017169792?
1
What is the units digit of 55087499?
9
What is the billions digit of 2663494355?
2
What is the ten thousands digit of 635973067?
7
What is the ten thousands digit of 403554759?
5
What is the billions digit of 2801506246?
2
What is the tens digit of 190963000?
0
What is the 